 + 260 = -50. Calculate the highest common divisor of v and 31.
31
Suppose -4*r - 4*y = -228, 183 = 3*r - y - 0*y. Calculate the highest common factor of 150 and r.
30
Let w be 53 + ((-2)/(-5) - (-72)/(-30)). Calculate the highest common factor of w and 255.
51
Suppose 4*p + 135 - 415 = 0. Calculate the greatest common factor of 28 and p.
14
Suppose 2*t + 140 = 3*t. What is the greatest common factor of t and 20?
20
Let j(f) = -f**3 + 6*f**2 + 6*f + 10. Let z be j(7). Suppose 0*p - z*p - 11 = 4*m, -m = -5*p - 26. What is the highest common factor of 1 and m?
1
Let t = -461 - -587. Let r = 16 + 2. What is the greatest common divisor of t and r?
18
Suppose -5*x - 2*x + 77 = 0. What is the greatest common factor of x and 110?
11
Suppose -2*h - h + 36 = 3*y, 0 = y + 5*h - 4. Calculate the highest common factor of 14 and y.
14
Let d = -1 - -1. Suppose -27 = -d*l - 3*l. Calculate the greatest common divisor of l and 1.
1
Suppose -120 = 5*u + u. Let g = 0 - u. What is the highest common factor of g and 8?
4
Let r be 8*48*(-7)/(-14) + 0. What is the highest common factor of 12 and r?
12
Suppose 4*p + 2*z + 314 = 0, z = -5*p - 2*z - 393. Let y = -53 - p. Suppose 2*w - x = 450, 5*w = x - 0*x + 1125. What is the highest common factor of w and y?
25
Suppose -2*x + 3*x - 4 = 0. Let u(v) = -v - 2 + v**3 + x*v - v**3 - 4*v**2 + 4*v**3. Let o be u(2). What is the highest common factor of o and 30?
10
Let z = 1 + 2. Let l(x) = x**2 + x - 1. Let u be l(z). What is the greatest common factor of u and 55?
11
Let i = 124 + -68. Suppose 5*v + 3*k = 44, 5*k + 13 = -3*v + 49. What is the highest common divisor of i and v?
7
Let v = 8 + -5. Suppose -2*j - 24 = -5*k, -2*j - j = -k - v. Calculate the highest common divisor of 48 and k.
6
Let c = 0 + 24. Suppose 0 = 2*d - d - 3*s + 2, 5*d + 4*s = -10. Let w be (10 - d)/((-3)/(-2)). What is the highest common divisor of w and c?
8
Let g be (5 - 4) + 3 - (-8)/2. Calculate the greatest common factor of 8 and g.
8
Suppose -2*y = 4*o - 20, 5*o = -4*y + o + 24. Suppose -a = -y*a + 143. Let t be 14 - (2 - (-1)/(-1)). What is the greatest common divisor of a and t?
13
Let a = 127 + -91. Calculate the highest common divisor of a and 4.
4
Let n(o) = -2*o - 10. Let l be n(-7). Suppose -w - l*w = -140. Calculate the highest common factor of w and 42.
14
Let a be (-1*(-21 + 0))/1. Calculate the highest common divisor of 105 and a.
21
Suppose u - 3*q = 6, -2*u = -0*q + 5*q - 34. Suppose -188 = -3*n + n + 5*t, 4*n - t = 340. Calculate the greatest common factor of u and n.
12
Suppose 6 = 5*f - 9. What is the greatest common divisor of 12 and f?
3
Suppose 2*p + r - 37 = 0, -5*p + 25 + 72 = r. Let w = -169 - -349. What is the greatest common factor of w and p?
20
Let r = 2 + 1. Let y = -21 + 35. Suppose -y + 38 = 2*t. What is the highest common divisor of t and r?
3
Let n be (-4)/10 + 28/20. Let o be (n/(-2))/((-5)/(-140)). Let m = 86 + o. Calculate the highest common divisor of m and 8.
8
Let v(p) = -p**3 - 4*p**2 - 3*p + 1. Let y = -5 - -2. Let j be v(y). Let g be (-36)/(-2 + j - 0). Calculate the greatest common factor of 18 and g.
18
Let b be 3*11/3 + (-36)/(-9). Let f be (2/4)/((-1)/(-12)). Calculate the highest common factor of b and f.
3
Let j(l) = -l + 1. Let p be j(-6). Let t(r) = 5 - 1 - p + 2*r**2 + 6*r. Let k be t(-5). What is the greatest common divisor of 119 and k?
17
Let h = -13 + 15. Suppose -90 = -4*w - h*q, -3*w + w = 4*q - 54. Calculate the greatest common divisor of w and 147.
21
Suppose -4*r + 13 + 23 = 0. Let p(l) = -4*l + 9 + 3*l - 4*l**3 + 5*l**3 + 9*l**2 + 7*l. Let j be p(-6). Calculate the highest common divisor of j and r.
9
Suppose -3*c + 18 = -0*c. Suppose -4 = -5*l + c. Calculate the highest common divisor of l and 5.
1
Let s = -15 - -20. Let w = -3 + s. Calculate the highest common divisor of w and 2.
2
Suppose -4*h + 6*q + 135 = 3*q, 3*q = -h + 45. Let m be (6 + -3 - 4) + 5. Calculate the highest common factor of m and h.
4
Suppose -d + 0*d + q + 15 = 0, 2*d + 3*q - 30 = 0. What is the highest common divisor of 60 and d?
15
Suppose -4*w + 26 = 2*u - 0*u, 0 = 4*u + w - 17. Suppose 117 = -6*l + u*l. Let r be l/(-15) + 4/10. What is the highest common divisor of r and 24?
3
Let j(o) be the first derivative of o**4/4 - o**3 - 4*o**2 + 7*o + 5. Let u be j(5). Calculate the greatest common divisor of u and 153.
17
Suppose -17*z = -14*z - 42. What is the highest common factor of z and 35?
7
Let w(f) = f**2 + f + 6. Let x be w(2). Suppose -208 = -5*n + n. Let u = n + 56. What is the greatest common divisor of u and x?
12
Suppose -t - 8 = -3*t. Suppose t*m = m + 12. Calculate the greatest common divisor of m and 10.
2
Let m be (6/(-15))/((-1)/20). Let o be (2 - (-6)/(-4))*m. Suppose -15 + 167 = o*n. What is the highest common divisor of 19 and n?
19
Suppose 6 + 0 = d. Let c = -28 - -70. What is the greatest common factor of c and d?
6
Suppose 3*f + 3*p = -2*f - 33, -5*f + 5*p - 25 = 0. Let z = -3 - f. Let b be 79/3 + 6/9. What is the highest common divisor of b and z?
3
Suppose -5*s + 8*s = 96. Suppose 4*g - 22 = 10. What is the greatest common divisor of g and s?
8
Let u(m) = -m**2 + 12*m - 8. Let s be u(10). What is the highest common divisor of 84 and s?
12
Let a be ((-56)/42)/(1/(-3)). Calculate the greatest common factor of 36 and a.
4
Let m be (324/14)/((-15)/(-70)). What is the greatest common divisor of 12 and m?
12
Let s be 12 - -1*0/(-1). Suppose 0*j + j + s = 0. Let k be 8/((-3*1)/j). Calculate the highest common divisor of 4 and k.
4
Suppose 0 = -0*z - z. Suppose 5*m + z*m = -15. Let o(c) = -13*c + 1. Let u be o(m). Calculate the greatest common divisor of 5 and u.
5
Let n = -66 + 128. Calculate the greatest common factor of 31 and n.
31
Let t(m) be the first derivative of -15*m**2/2 + m + 3. Let g be t(-1). Calculate the highest common divisor of 8 and g.
8
Let h = 395 - 280. Let l = 38 + -15. What is the highest common divisor of l and h?
23
Let c = 3 - 0. Suppose -c*o + 22 = -8. Calculate the greatest common factor of 10 and o.
10
Let v(s) = -4*s - 4. Let w be v(-3). Let j = w - 5. What is the highest common factor of 24 and j?
3
Let t = 57 + -24. Calculate the greatest common divisor of 22 and t.
11
Let t(s) = 5*s - 2. Let a be -1*(-2)/((-4)/(-6)). Let p be t(a). Let r be (13 + 2)*(-78)/(-10). What is the highest common divisor of r and p?
13
Let f(o) = o**2 - 4*o - 31. Let q be f(-4). Let y(n) = -n**2 - 4*n + 2. Let u be y(-5). Let l = 8 - u. Calculate the highest common divisor of l and q.
1
Suppose 0 = 4*p - 2 - 14. Suppose -p*x + 278 = i, x - 3*x + 134 = 3*i. Calculate the greatest common divisor of x and 28.
14
Suppose 0 = 5*c - 343 + 28. What is the highest common divisor of c and 21?
21
Suppose -3*f + 8 = 4*u - 61, -u = -5*f - 23. Suppose 2*w + 2*w + 4*c - 88 = 0, -2*w + 3*c = -69. Calculate the highest common divisor of u and w.
9
Suppose 0 = 3*y + 2*a - 170, -y - y - 3*a + 115 = 0. Suppose 3*u - u = -5*x + y, -x + 16 = -2*u. Calculate the greatest common divisor of x and 6.
6
Suppose p = 2*p + 29. Let a be (-2 - p) + (2 - 3). What is the greatest common factor of a and 78?
26
Let m(g) be the third derivative of g**5/10 - g**4/8 + g**3/3 - 8*g**2. Let u be m(1). Calculate the highest common divisor of 45 and u.
5
Suppose 3*v + 2*k = v + 82, 115 = 3*v - 5*k. What is the highest common factor of 440 and v?
40
Suppose -7 = -2*v + 3*t - 0*t, 5*v - 3*t - 13 = 0. Suppose -v*n = -4*d - 12, -4*n - d = -5*d - 40. Calculate the highest common factor of 2 and n.
2
Let z = 782 + -468. Suppose -584 = -2*d + 5*m, -3*d + 4*m + 1183 - z = 0. Let g = d - 116. Calculate the greatest common factor of 19 and g.
19
Let i(y) = 4*y + 1. Let s be i(3). Let x(d) = d**3 - 6*d**2 - 6*d + 6. Let v be x(7). Calculate the greatest common factor of s and v.
13
Suppose -3*k = 26 + 13. Let s(c) = c**2 + 12*c - 5. Let f be s(k). Suppose 0*b + 40 = b. Calculate the greatest common divisor of f and b.
8
Let u(n) = -n + 1. Let a be u(-12). Calculate the greatest common divisor of a and 104.
13
Let a = -69 + 123. Suppose -4*s = -y - a, -s + 0*y + 7 = 3*y. Calculate the highest common divisor of 39 and s.
13
Let k(b) = -b - 1. Let q(v) = v**2 + 7*v + 8. Let g(j) = 6*k(j) + q(j). Let w be g(5). Calculate the greatest common 